 and 200?
40
What is the greatest common factor of 119 and 1638?
7
What is the greatest common divisor of 12 and 2388?
12
Calculate the greatest common divisor of 72 and 800.
8
What is the greatest common factor of 26 and 234?
26
Calculate the greatest common factor of 1639 and 22.
11
What is the greatest common divisor of 288 and 12576?
96
What is the highest common divisor of 19872 and 138?
138
What is the greatest common divisor of 15 and 123?
3
Calculate the greatest common factor of 11 and 330.
11
What is the greatest common divisor of 1334 and 138?
46
Calculate the highest common divisor of 4332 and 1140.
228
Calculate the greatest common divisor of 1771 and 16192.
253
Calculate the greatest common divisor of 56 and 408.
8
Calculate the greatest common factor of 14 and 150.
2
What is the greatest common factor of 2667 and 112?
7
What is the highest common factor of 620 and 50?
10
Calculate the greatest common factor of 10959 and 39.
39
Calculate the greatest common divisor of 372 and 8.
4
What is the highest common divisor of 112 and 224?
112
Calculate the greatest common divisor of 21 and 27.
3
What is the highest common factor of 1210 and 10?
10
Calculate the greatest common divisor of 7344 and 54.
54
What is the highest common divisor of 315 and 504?
63
What is the highest common factor of 3240 and 264?
24
What is the highest common factor of 276 and 1311?
69
What is the greatest common divisor of 143 and 88?
11
Calculate the highest common factor of 2232 and 18.
18
Calculate the highest common divisor of 270 and 10.
10
What is the highest common factor of 6075 and 75?
75
Calculate the greatest common divisor of 4960 and 40.
40
Calculate the highest common factor of 45 and 420.
15
Calculate the greatest common divisor of 768 and 48.
48
What is the greatest common divisor of 1176 and 24?
24
What is the greatest common divisor of 207 and 21?
3
What is the greatest common divisor of 70 and 182?
14
What is the highest common factor of 48 and 579?
3
Calculate the greatest common divisor of 62 and 2542.
62
Calculate the highest common divisor of 96 and 600.
24
Calculate the greatest common factor of 13 and 221.
13
What is the greatest common factor of 1957 and 103?
103
What is the greatest common factor of 765 and 34?
17
Calculate the highest common divisor of 9959 and 46.
23
What is the greatest common factor of 72 and 7768?
8
Calculate the highest common factor of 2178 and 63.
9
What is the greatest common divisor of 16 and 44?
4
Calculate the highest common divisor of 13 and 4693.
13
Calculate the greatest common factor of 336 and 546.
42
What is the greatest common factor of 4869 and 36?
9
What is the greatest common factor of 25 and 5?
5
Calculate the greatest common factor of 18 and 480.
6
Calculate the highest common divisor of 1275 and 1725.
75
What is the greatest common factor of 695 and 24881?
139
What is the highest common factor of 249 and 2075?
83
Calculate the highest common factor of 48 and 464.
16
Calculate the highest common factor of 110 and 3520.
110
Calculate the greatest common factor of 1573 and 26.
13
Calculate the greatest common factor of 35 and 140.
35
Calculate the greatest common factor of 45 and 210.
15
Calculate the highest common divisor of 7191 and 102.
51
What is the greatest common divisor of 63 and 133?
7
Calculate the greatest common divisor of 110 and 890.
10
Calculate the greatest common divisor of 316 and 4.
4
What is the greatest common factor of 56 and 2121?
7
What is the greatest common divisor of 440 and 1210?
110
Calculate the highest common divisor of 41 and 205.
41
What is the highest common divisor of 1170 and 90?
90
Calculate the highest common divisor of 1539 and 57.
57
Calculate the highest common divisor of 118 and 1003.
59
What is the highest common factor of 12 and 24?
12
Calculate the highest common divisor of 5734 and 376.
94
What is the highest common divisor of 16 and 2112?
16
What is the greatest common divisor of 20 and 7080?
20
What is the highest common divisor of 12 and 474?
6
What is the highest common divisor of 156 and 156?
156
What is the greatest common factor of 41587 and 39?
13
What is the highest common divisor of 3 and 213?
3
What is the highest common divisor of 9195 and 15?
15
What is the greatest common divisor of 3664 and 2061?
229
What is the highest common divisor of 99 and 44?
11
Calculate the greatest common factor of 168 and 1176.
168
Calculate the greatest common divisor of 52699 and 151.
151
Calculate the highest common divisor of 23 and 5.
1
What is the highest common factor of 1639 and 7152?
149
What is the highest common divisor of 6 and 24?
6
Calculate the highest common factor of 148 and 999.
37
Calculate the greatest common factor of 1350 and 50.
50
What is the highest common divisor of 46 and 2254?
46
What is the highest common divisor of 1513 and 801?
89
What is the highest common factor of 5214 and 66?
66
Calculate the highest common divisor of 410 and 1558.
82
What is the greatest common factor of 505 and 404?
101
Calculate the greatest common factor of 25 and 1.
1
What is the highest common factor of 42 and 105?
21
What is the highest common factor of 45 and 6645?
15
What is the highest common factor of 36 and 1152?
36
What is the highest common divisor of 270 and 90?
90
Calculate the greatest common factor of 44 and 1188.
44
Calculate the highest common factor of 5652 and 324.
36
What is the greatest common divisor of 1280 and 400?
80
Calculate the highest common factor of 256 and 16.
16
What is the highest common divisor of 1184 and 96?
32
Calculate the greatest common divisor of 3971 and 627.
209
Calculate the highest common factor of 348 and 783.
87
What is the highest common factor of 20344 and 8?
8
What is the greatest common factor of 4584 and 72?
24
Calculate the greatest common divisor of 133 and 1007.
19
What is the highest common divisor of 81 and 4293?
81
Calculate the greatest common divisor of 19 and 513.
19
What is the greatest common divisor of 7 and 595?
7
Calculate the highest common divisor of 6981 and 1969.
179
Calculate the greatest common divisor of 15 and 30.
15
What is the greatest common divisor of 34 and 82?
2
Calculate the greatest common factor of 30 and 110.
10
What is the greatest common divisor of 133 and 171?
19
What is the greatest common factor of 38178 and 9?
9
What is the highest common divisor of 255 and 680?
85
Calculate the greatest common divisor of 81 and 17091.
81
What is the highest common factor of 56 and 27048?
56
What is the greatest common divisor of 154 and 70?
14
What is the highest common divisor of 347 and 1?
1
Calculate the greatest common factor of 152 and 1786.
38
What is the highest common factor of 5604 and 132?
12
What is the highest common factor of 296 and 6660?
148
What is the highest common divisor of 42 and 63?
21
Calculate the greatest common divisor of 493 and 58.
29
Calculate the greatest common factor of 150 and 425.
25
What is the highest common divisor of 45 and 135?
45
What is the greatest common divisor of 1 and 272?
1
What is the greatest common divisor of 120 and 40?
40
What is the highest common divisor of 215 and 85?
5
What is the highest common divisor of 2378 and 58?
58
What is the highest common factor of 21181 and 59?
59
What is the highest common divisor of 2666 and 430?
86
What is the highest common factor of 2 and 926?
2
What is the highest common divisor of 172 and 7525?
43
What is the highest common divisor of 9 and 3?
3
Calculate the highest common divisor of 17 and 51.
17
Calculate the greatest common divisor of 890 and 10.
10
Calculate the greatest common divisor of 12 and 672.
12
What is the greatest common factor of 34 and 13175?
17
What is the highest common divisor of 88 and 2343?
11
What is the highest common factor of 128 and 448?
64
What is the highest common divisor of 63 and 399?
21
What is the greatest common factor of 793 and 13?
13
What is the highest common divisor of 115 and 12305?
115
Calculate the greatest common factor of 36 and 104.
4
What is the highest common divisor of 126 and 414?
18
Calculate the greatest common divisor of 61 and 1037.
61
What is the greatest common divisor of 495 and 2835?
45
Calculate the highest common factor of 1540